Let o = 1381 + -932. Let k = j + o. What is the tens digit of k?
3
Suppose 51708 = 5*i + 12803. What is the hundreds digit of i?
7
Let z(k) = -4*k**3 - 45*k**2 - 15*k - 1. Let u be z(-11). Suppose 11*t + 22624 = u*t. What is the hundreds digit of t?
7
Let z = 15500 + -6714. What is the units digit of z?
6
Suppose -22 = -6*p + 8. Suppose 4*z + 41 = 4*y + p, 4*y - 3*z - 31 = 0. Let a(d) = d**3 - 3*d**2 + 2*d - 1. What is the tens digit of a(y)?
2
Let b(u) = 232*u + 92. Suppose 7*h = -49 + 84. What is the units digit of b(h)?
2
Let p = -1227 + 382. Let l = p - -1669. What is the tens digit of l?
2
Let m = 213 + -214. What is the tens digit of m/(-4) + (-126930)/(-120)?
5
Let m(o) = -o**3 + 5*o**2 + 15*o - 11. Let r be m(7). What is the tens digit of (-24 - 0)*3/r?
1
Let l(d) = d**2 - 4*d + 15. Let m(f) = -4*f - 7. Let u be m(-9). Let h = u - 19. What is the tens digit of l(h)?
7
What is the units digit of 3 + (60 + -6467)/(1 - 2)?
0
Suppose 101*t = 117*t + 288. Let h(w) = -21*w - 70. What is the tens digit of h(t)?
0
Suppose s - v = 319, -v - 6 = v. Let l = -17 + s. What is the tens digit of l?
9
Let x be 128/(-6)*(-15 - -12). Let z = x - 59. Suppose -2*h - z*b = -4 - 88, -2*b = 5*h - 272. What is the tens digit of h?
5
Let x(s) = -s**3 - 27*s**2 + 113*s + 88. What is the thousands digit of x(-32)?
1
Suppose 3*a - 3 = 0, 4*y = 327*a - 325*a + 8606. What is the units digit of y?
2
Suppose 4*k + 56 = -5*a, 4*a + 45 + 7 = -4*k. Suppose -s = -2*j - 5, 2*s - 10 = -6*j + j. What is the tens digit of (-2 + s)/(k/(-48))?
1
Suppose -40 = -12*w - 4. Suppose 3*v + w = 5*j, -2*j = j. What is the tens digit of (-222)/(-2) - (v + -3 + 6)?
0
Let x(g) = -69*g - 10. What is the hundreds digit of x(-30)?
0
Let j be ((-4)/3)/(-9 - (-150)/18). Suppose k - 9*s + 12*s = 1215, -j*k + 5*s = -2397. What is the thousands digit of k?
1
What is the tens digit of (-53360)/644*2618/(-4)?
3
Let l = 6779 + -3469. What is the tens digit of l?
1
Let a = -626 + 430. Let r = a + 454. Suppose -4*t + 4*c - 73 + 265 = 0, -5*t = c - r. What is the tens digit of t?
5
Suppose -4691 + 22331 = 4*i. Suppose 11*d + i = 3*g + 13*d, -3*g - 3*d = -4413. What is the thousands digit of g?
1
Let s be 2 + -1 + -7 + 8. Suppose 4*x = s*j - 334, 6*j - 3*x + 147 = 7*j. What is the hundreds digit of j?
1
Let u(a) = -4208*a - 10. Let r be u(-1). Suppose -r = -5*i + 522. Suppose 4*w = 48 + i. What is the tens digit of w?
4
Let p(c) = c**3 + 16*c**2 + 20*c + 20. Suppose 7 = -2*o - 3*r, -2*o - 26 = -4*r + 16. What is the hundreds digit of p(o)?
4
Let i(w) = 6*w**2 - 22*w - 70. Let t be i(-16). Let h = -1196 + t. What is the hundreds digit of h?
6
What is the thousands digit of (-4)/(-58) - (-7406520)/1160?
6
Suppose -5*p + 60*w - 55*w = -54020, -5*p + 2*w + 54023 = 0. What is the hundreds digit of p?
8
Suppose -11*k + 9479 + 6479 = -5437. What is the units digit of k?
5
Let c(z) = -14*z + 1. Let l be c(-1). Let m be 1692/20 - (-2 - (-24)/l). Suppose 0*v = 2*v - g - 89, 0 = 2*v - 5*g - m. What is the units digit of v?
5
Let h(g) = -g**2 + 43*g - 203. Let c be h(41). Let z = 232 + c. What is the tens digit of z?
1
Suppose 5*w + 64 - 24 = 0. What is the tens digit of (-4590)/w + (-16)/(-64)?
7
Suppose 0 = -5*r + d + 39657, -3*r - 5*d = 13344 - 37099. What is the tens digit of r?
3
Suppose -5*w + 8 = -3*w. Suppose 2*r - w*k = 158, 24 = 3*r + 2*k - 189. What is the tens digit of r?
7
Let f(s) = 331*s - 2310. What is the tens digit of f(104)?
1
What is the units digit of -3*24778/(-10) - (-18)/(-45)?
3
What is the units digit of ((-6472)/(-10))/(20/1050)*1/2?
9
Let h = -9585 + 14193. What is the tens digit of h?
0
Let c(w) = -29*w - 29 + 90*w - 44*w. What is the units digit of c(12)?
5
Suppose 2*k + 5*k = 5*k + 10984. What is the units digit of k?
2
Suppose v - 1138 = -14*g + 9*g, 2*g - 4*v = 442. Let q = 219 + g. What is the units digit of q?
6
Let k(w) = 3*w**3 - w**2 + 48*w + 170. What is the ten thousands digit of k(19)?
2
Let o be (77/(-2))/(-7) + 7/(-14). Suppose -2*i - 5*s = -1840, o*i - 2005 - 2572 = -s. What is the units digit of i?
5
Let u = 5017 - 749. What is the units digit of u?
8
Let x be 3*((-22)/(-33))/((-4)/38). What is the units digit of 979584/912 + 2/x?
4
Let m be ((-1)/(10/(-75)))/(6/56). Suppose 3*f = -f + s + 36, -5*f - 5*s = -m. Suppose -3*l + 8*l = f, 328 = 4*x - 2*l. What is the tens digit of x?
8
Let k = -27 - -29. Suppose 2*d + 1490 = 3*v, -d + k*d + 1492 = 3*v. What is the tens digit of v?
9
Suppose -89*r + 32*r + 111*r = 897264. What is the thousands digit of r?
6
Suppose 4*y - 42 = 5*c - 2887, y - 1690 = -3*c. Let k = c + -192. What is the tens digit of k?
7
Suppose 2*n + 2*d = 121140, 40 = -d + 47. What is the thousands digit of n?
0
Let t = 132872 - 92499. What is the hundreds digit of t?
3
Suppose -23*w + 7*w = -13*w. Suppose -17*p + 4234 + 6136 = w. What is the tens digit of p?
1
Suppose 4*d - 119 = -v, 2*v - 96 = 3*d + 120. Let h = 534 - v. What is the hundreds digit of h?
4
Let c(k) = k**3 + 7*k**2 + 7*k - 1. Let s(q) = q + 3. Let x be s(-18). Let p(w) = w + 10. Let l be p(x). What is the tens digit of c(l)?
1
Suppose -10*i + 9*i = -3*x - 8636, 5*x + 5 = 0. What is the units digit of i?
3
Suppose 12878663 = 486*v - 5583019. What is the tens digit of v?
8
Let b(k) = 13*k - 1. Let z be b(5). Let v(x) = -1 - 62*x**2 + 2 + z*x**2. What is the units digit of v(1)?
3
Let q be ((-14)/(-5))/(6/15). What is the units digit of 3088/6 - q/(-24 - -3)?
5
Suppose -n + 10489 = -3*a, 11852 = n + 3*a + 1399. What is the thousands digit of n?
0
Let g(l) = l**3 - 51*l**2 - 111*l + 31. What is the units digit of g(54)?
5
Suppose 3609*t = 3620*t - 1047574. What is the thousands digit of t?
5
Let u = 423 - 606. Let b = u + 341. Suppose 5*m - g = 766, 0*m + 5*g = m - b. What is the units digit of m?
3
Suppose 0 = 2*w - z + 47, -2*w - 2*z = -5*w - 73. Let s = w - -48. What is the tens digit of s?
2
What is the units digit of (8/(-6))/(440/132)*(-44185)/1?
4
Let w be (-11 + (-12)/(-3))*(-120)/(-35). Let h = 537 + w. What is the units digit of h?
3
Let d(n) = -393*n + 3115. What is the ten thousands digit of d(-81)?
3
Let x(y) = 16*y**3 - 5*y**2 - 5*y + 3. Let p(z) = 2*z**2 + 1. Let g(d) = 2*p(d) - x(d). What is the tens digit of g(-3)?
9
Let y(g) = 12*g**2 - g - 9. Let r be 15/(-6)*34 + -1. Let s = r + 89. What is the tens digit of y(s)?
9
What is the hundreds digit of (8513 - 6/(-2))*(-12)/(-16)?
3
Let h be (5/(-15))/(2/(-60)) + -3. Suppose 4 = 11*p - h*p. Let c(w) = 117*w**2 - w + 2. What is the units digit of c(p)?
8
Let l(j) = j**2 - 12*j + 19. Let s(h) = -2*h - 22. Let i be -11 + -6 + 6/(-2). Let k be s(i). What is the hundreds digit of l(k)?
1
Suppose 0 = -3*i - 3, 3*i + 10887 + 6962 = 2*a. What is the thousands digit of a?
8
Let c(d) = 5*d**2 + 3*d - 56. Let n(m) = 5*m + 24. Let x be n(-7). What is the hundreds digit of c(x)?
5
Suppose 6300*a - 22594 = 6274*a. What is the units digit of a?
9
Suppose 4 = -n, -g - 11 = 2*n - 2. Let y be -5 - -2 - -5 - g. Suppose 3*o - y*v - v - 306 = 0, -4*o = -v - 408. What is the hundreds digit of o?
1
Let w be 4/(-42) - 1235/(-399). Suppose 0 = 2*g + 2*r - 2752 + 466, -4*g + 4574 = w*r. What is the tens digit of g?
4
Let q be 50/14 + 68/(-119) + -3. Suppose q = -17*a + 3958 + 4117. Suppose 2*r - a = -3*r. What is the tens digit of r?
9
Let g(j) = j**2 - 11*j - 26. Let t(k) = 1. Let o(i) = g(i) - 3*t(i). Let u be o(15). Let v = u + 34. What is the tens digit of v?
6
Let z(y) = 22 + 47 - 303*y - 104. What is the units digit of z(-1)?
8
Suppose -12*g - 56 = -5*h - 10*g, 0 = -2*h + 5*g + 14. Let s(i) = -5*i**2 + 19*i + 4*i**2 - 3 - 8 - 2. What is the tens digit of s(h)?
7
Let h(a) = -a**3 + 51*a**2 - 45*a + 137. What is the tens digit of h(41)?
0
Let f = -24 - -33. Let v(p) = -f*p + p + 10 + 14*p + 4*p. What is the units digit of v(7)?
0
Suppose 51*s - 47*s + 5*h = 24053, -h - 24071 = -4*s. What is the thousands digit of s?
6
Let l(b) = 3254*b**2 - 53*b + 12. What is the tens digit of l(-5)?
2
Suppose 2*f - 33 + 2037 = 0. Let k = f + 2604. What is the tens digit of k/27*(-3)/(-2)?
8
Let o = -20 - -22. Suppose 0 = o*w - 3*f + 15, 3 + 12 = 4*w + 3*f. Suppose w*c + 2*c - 92 = 5*z, 0 = c - 4*z - 43. What is the units digit of c?
1
Suppose 0 = -563*m + 548*m + 15